{"id":782,"date":"2025-11-19T13:31:47","date_gmt":"2025-11-19T12:31:47","guid":{"rendered":"https:\/\/angelmunera.com\/?post_type=areas&#038;p=782"},"modified":"2026-07-30T03:42:29","modified_gmt":"2026-07-30T01:42:29","slug":"labor-law","status":"publish","type":"areas","link":"https:\/\/angelmunera.com\/en\/areas\/labor-law\/","title":{"rendered":"Labor and Employment Law"},"featured_media":783,"template":"","class_list":["post-782","areas","type-areas","status-publish","has-post-thumbnail","hentry"],"acf":[],"yoast_head":"<!-- This site is optimized with the Yoast SEO plugin v28.3 - https:\/\/yoast.com\/product\/yoast-seo-wordpress\/ -->\n<title>Derecho Laboral - \u00c1ngel M\u00fanera<\/title>\n<meta name=\"description\" content=\"Asesoramos a empresas en contrataci\u00f3n, terminaci\u00f3n, seguridad y salud en el trabajo, y en la prevenci\u00f3n y defensa de conflictos laborales.\" \/>\n<meta name=\"robots\" content=\"index, follow, max-snippet:-1, max-image-preview:large, max-video-preview:-1\" \/>\n<link rel=\"canonical\" href=\"https:\/\/angelmunera.com\/en\/areas\/labor-law\/\" \/>\n<meta property=\"og:locale\" content=\"en_US\" \/>\n<meta property=\"og:type\" content=\"article\" \/>\n<meta property=\"og:title\" content=\"Derecho Laboral - \u00c1ngel M\u00fanera\" \/>\n<meta property=\"og:description\" content=\"Asesoramos a empresas en contrataci\u00f3n, terminaci\u00f3n, seguridad y salud en el trabajo, y en la prevenci\u00f3n y defensa de conflictos laborales.\" \/>\n<meta property=\"og:url\" content=\"https:\/\/angelmunera.com\/en\/areas\/labor-law\/\" \/>\n<meta property=\"og:site_name\" content=\"\u00c1ngel M\u00fanera\" \/>\n<meta property=\"article:modified_time\" content=\"2026-07-30T01:42:29+00:00\" \/>\n<meta property=\"og:image\" content=\"https:\/\/angelmunera.com\/wp-content\/uploads\/2025\/11\/vitalidad-en-el-clima-organizacional-1920-1080.webp\" \/>\n\t<meta property=\"og:image:width\" content=\"556\" \/>\n\t<meta property=\"og:image:height\" content=\"313\" \/>\n\t<meta property=\"og:image:type\" content=\"image\/webp\" \/>\n<meta name=\"twitter:card\" content=\"summary_large_image\" \/>\n<meta name=\"twitter:label1\" content=\"Est. reading time\" \/>\n\t<meta name=\"twitter:data1\" content=\"1 minute\" \/>\n<script type=\"application\/ld+json\" class=\"yoast-schema-graph\">{\"@context\":\"https:\\\/\\\/schema.org\",\"@graph\":[{\"@type\":\"WebPage\",\"@id\":\"https:\\\/\\\/angelmunera.com\\\/areas\\\/derecho-laboral\\\/\",\"url\":\"https:\\\/\\\/angelmunera.com\\\/areas\\\/derecho-laboral\\\/\",\"name\":\"Derecho Laboral - \u00c1ngel M\u00fanera\",\"isPartOf\":{\"@id\":\"https:\\\/\\\/angelmunera.com\\\/#website\"},\"primaryImageOfPage\":{\"@id\":\"https:\\\/\\\/angelmunera.com\\\/areas\\\/derecho-laboral\\\/#primaryimage\"},\"image\":{\"@id\":\"https:\\\/\\\/angelmunera.com\\\/areas\\\/derecho-laboral\\\/#primaryimage\"},\"thumbnailUrl\":\"https:\\\/\\\/angelmunera.com\\\/wp-content\\\/uploads\\\/2025\\\/11\\\/vitalidad-en-el-clima-organizacional-1920-1080.webp\",\"datePublished\":\"2025-11-19T12:31:47+00:00\",\"dateModified\":\"2026-07-30T01:42:29+00:00\",\"description\":\"Asesoramos a empresas en contrataci\u00f3n, terminaci\u00f3n, seguridad y salud en el trabajo, y en la prevenci\u00f3n y defensa de conflictos laborales.\",\"breadcrumb\":{\"@id\":\"https:\\\/\\\/angelmunera.com\\\/areas\\\/derecho-laboral\\\/#breadcrumb\"},\"inLanguage\":\"en-US\",\"potentialAction\":[{\"@type\":\"ReadAction\",\"target\":[\"https:\\\/\\\/angelmunera.com\\\/areas\\\/derecho-laboral\\\/\"]}]},{\"@type\":\"ImageObject\",\"inLanguage\":\"en-US\",\"@id\":\"https:\\\/\\\/angelmunera.com\\\/areas\\\/derecho-laboral\\\/#primaryimage\",\"url\":\"https:\\\/\\\/angelmunera.com\\\/wp-content\\\/uploads\\\/2025\\\/11\\\/vitalidad-en-el-clima-organizacional-1920-1080.webp\",\"contentUrl\":\"https:\\\/\\\/angelmunera.com\\\/wp-content\\\/uploads\\\/2025\\\/11\\\/vitalidad-en-el-clima-organizacional-1920-1080.webp\",\"width\":556,\"height\":313,\"caption\":\"Derecho Laboral \u2014 \u00c1ngel M\u00fanera, abogados en Medell\u00edn\"},{\"@type\":\"BreadcrumbList\",\"@id\":\"https:\\\/\\\/angelmunera.com\\\/areas\\\/derecho-laboral\\\/#breadcrumb\",\"itemListElement\":[{\"@type\":\"ListItem\",\"position\":1,\"name\":\"Portada\",\"item\":\"https:\\\/\\\/angelmunera.com\\\/\"},{\"@type\":\"ListItem\",\"position\":2,\"name\":\"Derecho Laboral\"}]},{\"@type\":\"WebSite\",\"@id\":\"https:\\\/\\\/angelmunera.com\\\/#website\",\"url\":\"https:\\\/\\\/angelmunera.com\\\/\",\"name\":\"Angel Munera\",\"description\":\"Abogados\",\"publisher\":{\"@id\":\"https:\\\/\\\/angelmunera.com\\\/#organization\"},\"potentialAction\":[{\"@type\":\"SearchAction\",\"target\":{\"@type\":\"EntryPoint\",\"urlTemplate\":\"https:\\\/\\\/angelmunera.com\\\/?s={search_term_string}\"},\"query-input\":{\"@type\":\"PropertyValueSpecification\",\"valueRequired\":true,\"valueName\":\"search_term_string\"}}],\"inLanguage\":\"en-US\"},{\"@type\":\"Organization\",\"@id\":\"https:\\\/\\\/angelmunera.com\\\/#organization\",\"name\":\"\u00c1ngel M\u00fanera\",\"url\":\"https:\\\/\\\/angelmunera.com\\\/\",\"logo\":{\"@type\":\"ImageObject\",\"inLanguage\":\"en-US\",\"@id\":\"https:\\\/\\\/angelmunera.com\\\/#\\\/schema\\\/logo\\\/image\\\/\",\"url\":\"https:\\\/\\\/angelmunera.com\\\/wp-content\\\/uploads\\\/2024\\\/08\\\/cropped-ico.png\",\"contentUrl\":\"https:\\\/\\\/angelmunera.com\\\/wp-content\\\/uploads\\\/2024\\\/08\\\/cropped-ico.png\",\"width\":512,\"height\":512,\"caption\":\"\u00c1ngel M\u00fanera\"},\"image\":{\"@id\":\"https:\\\/\\\/angelmunera.com\\\/#\\\/schema\\\/logo\\\/image\\\/\"}}]}<\/script>\n<!-- \/ Yoast SEO plugin. -->","yoast_head_json":{"title":"Labor and Employment Law - \u00c1ngel M\u00fanera","description":"We advise companies on hiring, termination, occupational safety and health, and the prevention and resolution of labor disputes.","robots":{"index":"index","follow":"follow","max-snippet":"max-snippet:-1","max-image-preview":"max-image-preview:large","max-video-preview":"max-video-preview:-1"},"canonical":"https:\/\/angelmunera.com\/en\/areas\/labor-law\/","og_locale":"en_US","og_type":"article","og_title":"Derecho Laboral - \u00c1ngel M\u00fanera","og_description":"Asesoramos a empresas en contrataci\u00f3n, terminaci\u00f3n, seguridad y salud en el trabajo, y en la prevenci\u00f3n y defensa de conflictos laborales.","og_url":"https:\/\/angelmunera.com\/en\/areas\/labor-law\/","og_site_name":"\u00c1ngel M\u00fanera","article_modified_time":"2026-07-30T01:42:29+00:00","og_image":[{"width":556,"height":313,"url":"https:\/\/angelmunera.com\/wp-content\/uploads\/2025\/11\/vitalidad-en-el-clima-organizacional-1920-1080.webp","type":"image\/webp"}],"twitter_card":"summary_large_image","twitter_misc":{"Est. reading time":"1 minute"},"schema":{"@context":"https:\/\/schema.org","@graph":[{"@type":"WebPage","@id":"https:\/\/angelmunera.com\/areas\/derecho-laboral\/","url":"https:\/\/angelmunera.com\/areas\/derecho-laboral\/","name":"Labor and Employment Law - \u00c1ngel M\u00fanera","isPartOf":{"@id":"https:\/\/angelmunera.com\/#website"},"primaryImageOfPage":{"@id":"https:\/\/angelmunera.com\/areas\/derecho-laboral\/#primaryimage"},"image":{"@id":"https:\/\/angelmunera.com\/areas\/derecho-laboral\/#primaryimage"},"thumbnailUrl":"https:\/\/angelmunera.com\/wp-content\/uploads\/2025\/11\/vitalidad-en-el-clima-organizacional-1920-1080.webp","datePublished":"2025-11-19T12:31:47+00:00","dateModified":"2026-07-30T01:42:29+00:00","description":"We advise companies on hiring, termination, occupational safety and health, and the prevention and resolution of labor disputes.","breadcrumb":{"@id":"https:\/\/angelmunera.com\/areas\/derecho-laboral\/#breadcrumb"},"inLanguage":"en-US","potentialAction":[{"@type":"ReadAction","target":["https:\/\/angelmunera.com\/areas\/derecho-laboral\/"]}]},{"@type":"ImageObject","inLanguage":"en-US","@id":"https:\/\/angelmunera.com\/areas\/derecho-laboral\/#primaryimage","url":"https:\/\/angelmunera.com\/wp-content\/uploads\/2025\/11\/vitalidad-en-el-clima-organizacional-1920-1080.webp","contentUrl":"https:\/\/angelmunera.com\/wp-content\/uploads\/2025\/11\/vitalidad-en-el-clima-organizacional-1920-1080.webp","width":556,"height":313,"caption":"Derecho Laboral \u2014 \u00c1ngel M\u00fanera, abogados en Medell\u00edn"},{"@type":"BreadcrumbList","@id":"https:\/\/angelmunera.com\/areas\/derecho-laboral\/#breadcrumb","itemListElement":[{"@type":"ListItem","position":1,"name":"Portada","item":"https:\/\/angelmunera.com\/"},{"@type":"ListItem","position":2,"name":"Derecho Laboral"}]},{"@type":"WebSite","@id":"https:\/\/angelmunera.com\/#website","url":"https:\/\/angelmunera.com\/","name":"Angel Munera","description":"Lawyers","publisher":{"@id":"https:\/\/angelmunera.com\/#organization"},"potentialAction":[{"@type":"SearchAction","target":{"@type":"EntryPoint","urlTemplate":"https:\/\/angelmunera.com\/?s={search_term_string}"},"query-input":{"@type":"PropertyValueSpecification","valueRequired":true,"valueName":"search_term_string"}}],"inLanguage":"en-US"},{"@type":"Organization","@id":"https:\/\/angelmunera.com\/#organization","name":"\u00c1ngel M\u00fanera","url":"https:\/\/angelmunera.com\/","logo":{"@type":"ImageObject","inLanguage":"en-US","@id":"https:\/\/angelmunera.com\/#\/schema\/logo\/image\/","url":"https:\/\/angelmunera.com\/wp-content\/uploads\/2024\/08\/cropped-ico.png","contentUrl":"https:\/\/angelmunera.com\/wp-content\/uploads\/2024\/08\/cropped-ico.png","width":512,"height":512,"caption":"\u00c1ngel M\u00fanera"},"image":{"@id":"https:\/\/angelmunera.com\/#\/schema\/logo\/image\/"}}]}},"_links":{"self":[{"href":"https:\/\/angelmunera.com\/en\/wp-json\/wp\/v2\/areas\/782","targetHints":{"allow":["GET"]}}],"collection":[{"href":"https:\/\/angelmunera.com\/en\/wp-json\/wp\/v2\/areas"}],"about":[{"href":"https:\/\/angelmunera.com\/en\/wp-json\/wp\/v2\/types\/areas"}],"version-history":[{"count":2,"href":"https:\/\/angelmunera.com\/en\/wp-json\/wp\/v2\/areas\/782\/revisions"}],"predecessor-version":[{"id":827,"href":"https:\/\/angelmunera.com\/en\/wp-json\/wp\/v2\/areas\/782\/revisions\/827"}],"wp:featuredmedia":[{"embeddable":true,"href":"https:\/\/angelmunera.com\/en\/wp-json\/wp\/v2\/media\/783"}],"wp:attachment":[{"href":"https:\/\/angelmunera.com\/en\/wp-json\/wp\/v2\/media?parent=782"}],"curies":[{"name":"wp","href":"https:\/\/api.w.org\/{rel}","templated":true}]}}

<!-- This site is optimized with the Yoast SEO plugin v28.3 - https://yoast.com/product/yoast-seo-wordpress/ -->
<title>Derecho Laboral - Ángel Múnera</title>
<meta name="description" content="Asesoramos a empresas en contratación, terminación, seguridad y salud en el trabajo, y en la prevención y defensa de conflictos laborales." />
<meta name="robots" content="index, follow, max-snippet:-1, max-image-preview:large, max-video-preview:-1" />
<link rel="canonical" href="https://angelmunera.com/en/areas/labor-law/" />
<meta property="og:locale" content="en_US" />
<meta property="og:type" content="article" />
<meta property="og:title" content="Derecho Laboral - Ángel Múnera" />
<meta property="og:description" content="Asesoramos a empresas en contratación, terminación, seguridad y salud en el trabajo, y en la prevención y defensa de conflictos laborales." />
<meta property="og:url" content="https://angelmunera.com/en/areas/labor-law/" />
<meta property="og:site_name" content="Ángel Múnera" />
<meta property="article:modified_time" content="2026-07-30T01:42:29+00:00" />
<meta property="og:image" content="https://angelmunera.com/wp-content/uploads/2025/11/vitalidad-en-el-clima-organizacional-1920-1080.webp" />
	<meta property="og:image:width" content="556" />
	<meta property="og:image:height" content="313" />
	<meta property="og:image:type" content="image/webp" />
<meta name="twitter:card" content="summary_large_image" />
<meta name="twitter:label1" content="Est. reading time" />
	<meta name="twitter:data1" content="1 minute" />
<script type="application/ld+json" class="yoast-schema-graph">{"@context":"https:\/\/schema.org","@graph":[{"@type":"WebPage","@id":"https:\/\/angelmunera.com\/areas\/derecho-laboral\/","url":"https:\/\/angelmunera.com\/areas\/derecho-laboral\/","name":"Derecho Laboral - Ángel Múnera","isPartOf":{"@id":"https:\/\/angelmunera.com\/#website"},"primaryImageOfPage":{"@id":"https:\/\/angelmunera.com\/areas\/derecho-laboral\/#primaryimage"},"image":{"@id":"https:\/\/angelmunera.com\/areas\/derecho-laboral\/#primaryimage"},"thumbnailUrl":"https:\/\/angelmunera.com\/wp-content\/uploads\/2025\/11\/vitalidad-en-el-clima-organizacional-1920-1080.webp","datePublished":"2025-11-19T12:31:47+00:00","dateModified":"2026-07-30T01:42:29+00:00","description":"Asesoramos a empresas en contratación, terminación, seguridad y salud en el trabajo, y en la prevención y defensa de conflictos laborales.","breadcrumb":{"@id":"https:\/\/angelmunera.com\/areas\/derecho-laboral\/#breadcrumb"},"inLanguage":"en-US","potentialAction":[{"@type":"ReadAction","target":["https:\/\/angelmunera.com\/areas\/derecho-laboral\/"]}]},{"@type":"ImageObject","inLanguage":"en-US","@id":"https:\/\/angelmunera.com\/areas\/derecho-laboral\/#primaryimage","url":"https:\/\/angelmunera.com\/wp-content\/uploads\/2025\/11\/vitalidad-en-el-clima-organizacional-1920-1080.webp","contentUrl":"https:\/\/angelmunera.com\/wp-content\/uploads\/2025\/11\/vitalidad-en-el-clima-organizacional-1920-1080.webp","width":556,"height":313,"caption":"Derecho Laboral — Ángel Múnera, abogados en Medellín"},{"@type":"BreadcrumbList","@id":"https:\/\/angelmunera.com\/areas\/derecho-laboral\/#breadcrumb","itemListElement":[{"@type":"ListItem","position":1,"name":"Portada","item":"https:\/\/angelmunera.com\/"},{"@type":"ListItem","position":2,"name":"Derecho Laboral"}]},{"@type":"WebSite","@id":"https:\/\/angelmunera.com\/#website","url":"https:\/\/angelmunera.com\/","name":"Angel Munera","description":"Abogados","publisher":{"@id":"https:\/\/angelmunera.com\/#organization"},"potentialAction":[{"@type":"SearchAction","target":{"@type":"EntryPoint","urlTemplate":"https:\/\/angelmunera.com\/?s={search_term_string}"},"query-input":{"@type":"PropertyValueSpecification","valueRequired":true,"valueName":"search_term_string"}}],"inLanguage":"en-US"},{"@type":"Organization","@id":"https:\/\/angelmunera.com\/#organization","name":"Ángel Múnera","url":"https:\/\/angelmunera.com\/","logo":{"@type":"ImageObject","inLanguage":"en-US","@id":"https:\/\/angelmunera.com\/#\/schema\/logo\/image\/","url":"https:\/\/angelmunera.com\/wp-content\/uploads\/2024\/08\/cropped-ico.png","contentUrl":"https:\/\/angelmunera.com\/wp-content\/uploads\/2024\/08\/cropped-ico.png","width":512,"height":512,"caption":"Ángel Múnera"},"image":{"@id":"https:\/\/angelmunera.com\/#\/schema\/logo\/image\/"}}]}</script>
<!-- / Yoast SEO plugin. -->

Labor and Employment Law - Ángel Múnera

Derecho Laboral - Ángel Múnera

Asesoramos a empresas en contratación, terminación, seguridad y salud en el trabajo, y en la prevención y defensa de conflictos laborales.

Ángel Múnera

Derecho Laboral — Ángel Múnera, abogados en Medellín
